at is y(b)?
-6
Suppose -5*i - 45 + 0 = 0. Let c(r) = -2*r - 20 + 24 - r + r - 14. Give c(i).
8
Let j(d) = d**3 + 2*d**2 + d. Suppose -t - 7 = -5. Give j(t).
-2
Let l(r) = -5*r**3 + r**2 - r - 1. Let t(c) = c**2 - 7*c - 9. Suppose 2*g = -g - 18. Let p be 16/g*(-2 - 1). Let i be t(p). Calculate l(i).
6
Let r(z) = z**3 + 3*z**2 - 7*z - 6. Suppose -2*a = -2*f - 6, -3*f = -5*a + 4 + 3. Let g be r(f). Let q(x) = -g + 2*x + x + x**2 + 0 + x. Determine q(-5).
-1
Let a(w) = -w - 1 + 3*w**2 + 209282*w**3 - 4*w**2 - 209268*w**3. Give a(-1).
-15
Let c(o) = 2*o**2 - 4*o - 2. Let t(h) = -h**2 + 5*h + 1. Let m(a) = -4*c(a) - 3*t(a). Give m(-2).
-17
Suppose 0 = 19*p - 49 - 8. Let u(v) be the third derivative of 2/3*v**3 + 0*v**4 + 0*v + 0 + 2*v**2 + 1/60*v**5. What is u(p)?
13
Let f(w) = w + 2. Let g be f(0). Suppose -2*b - 3*b - 17 = 4*t, -b - 15 = -5*t. Let c(q) = 3*q - t + 0 + 4. Determine c(g).
8
Let y(z) be the third derivative of -z**6/120 + z**5/60 + 13*z**3/3 + 62*z**2. What is y(0)?
26
Let h(y) be the third derivative of y**6/720 + y**5/40 - y**4/2 + 10*y**2. Let v(c) be the second derivative of h(c). Determine v(-6).
-3
Let m(x) = 248*x - 8 - 117*x - 137*x. Calculate m(-5).
22
Let h(s) = -13*s**2 + 1. Let v = 17 - -11. Suppose 3*n = 5*n - 4*a + 38, -2*n + a - 50 = 0. Let m = n + v. What is h(m)?
-12
Let g(l) be the third derivative of l**4/24 - l**3/2 + 159*l**2. What is g(-7)?
-10
Let l(y) = y**3 - 3*y + 139. Let j be l(0). Let r = -137 + j. Let z(t) = 6*t**2 - 2*t - t - 4*t**2. Give z(r).
2
Let b(s) = s**3 + 5*s**2 - s - 4. Let u be b(-2). Suppose -2*n = 4*t + 14, -5*t = -4*n + 34 - u. Let h(w) = w**3 + 4*w**2 + w + 2. Calculate h(t).
-2
Let m(s) be the second derivative of 5*s + 1/12*s**4 - s**3 + 0 - 7/2*s**2. Suppose 32 = 4*a + 8. Calculate m(a).
-7
Let d(p) = 3*p - 3. Let i = 33 + -31. What is d(i)?
3
Let m(z) = z**3 - 8*z**2 + 1. Let l be m(8). Suppose 2*j - l = 11. Let c(d) = d**2 - 5*d + 1. What is c(j)?
7
Let f(s) = -s**3 - 15*s**2 - 12*s + 27. Let u be f(-14). Let d(g) = -3*g**2 + 3*g + 2. Calculate d(u).
-4
Let x(g) = -g + 1. Suppose 3*d = -5*n + 2 - 25, n = 4*d. Let i be x(d). Let a(j) = -5*j**i + 5*j + 4*j**2 + 2*j**2. Determine a(-4).
-4
Let u(p) be the first derivative of 1/2*p**2 - 1 - p. Let b = -101 + 96. Determine u(b).
-6
Let m(b) = -b**3 + b**2 + 3*b + 1. Let g = -8 - -4. Let p be (-19)/g - 1/(-4). Suppose -p*c - 14 = -4. Determine m(c).
7
Let c(r) = -r**3 - 10*r**2 + 12*r + 7. Suppose -10*q - 3*f = -8*q + 28, -5 = q - 3*f. Give c(q).
-4
Let j = -65 + 59. Let s(z) = -3*z**2 - 5*z + 4. Give s(j).
-74
Let d(u) = -2*u**3 - 53*u**2 + 27*u - 5. Let b be d(-27). Let z(w) = w**2 + 5*w - 2. Give z(b).
-2
Suppose -h + 0*h + 2*f + 12 = 0, -5*h - 3*f = 5. Suppose -2*b = -0*b - 8. Suppose y - h + b = 0. Let l(x) = x**3 + 2*x**2 - x. Determine l(y).
2
Let s(b) be the first derivative of -b**4/4 + b**3/3 - b**2/2 + 2*b - 1. Suppose -2*h = h - 5*h. Calculate s(h).
2
Let w(o) = 8*o**2 + 2*o + 1. Let y(l) = 6*l - 9. Let p be y(6). Let j be (p/(-9))/((-3)/2). Suppose 13 = 2*z + 5*b, 3*b - 3 = -4*z + j. Calculate w(z).
7
Let c(h) = 7*h**2 - 14*h - 21. Let g(f) = -3*f**2 + 7*f + 9. Let o(t) = 2*c(t) + 5*g(t). Give o(11).
-41
Let t(b) = 13*b + 3*b - 20*b + 11*b. What is t(7)?
49
Let p(o) = o**2 - 17*o - 7. Let b = 968 + -952. Calculate p(b).
-23
Suppose -31*b - 4*b = 28*b - 252. Suppose -2*a = a. Let u(p) = -2 + a*p + p + 3*p. Determine u(b).
14
Suppose 2*r = 5*r - 30. Let g = 16 - r. Let i be (-5)/2 - g/(-12). Let k(z) = 7*z + 3. Give k(i).
-11
Let i(u) be the second derivative of u**4/2 + 11*u**3/6 - u**2/2 + 12*u. Let m(z) = -5*z**2 - 10*z + 1. Let j(q) = 6*i(q) + 7*m(q). Give j(6).
13
Let q(t) = -2*t**2 + 33*t**3 - 7 + 4 - 57*t**3 + 4. Determine q(1).
-25
Suppose 10636*r = 10641*r + 20. Let j(y) = 5*y - y + 1 + 1. Determine j(r).
-14
Let l(i) = -2*i + 13. Let w(x) = -x + 6. Let m(z) = 6*l(z) - 13*w(z). Let r be m(3). Let k be r/(6/2)*-4. Let h(v) = -v**2 - 4*v + 2. Give h(k).
2
Let o(y) = -3*y - 3. Let s(l) = -24*l - 24. Let f(r) = 33*o(r) - 4*s(r). Let x be ((-1)/1)/(5/(-15)). Let m be 9*(10/(-3) + x). Calculate f(m).
6
Let q(x) = -3*x**2 - 10*x + 79. Let d be q(-7). Let m(z) = 5*z - 6. Determine m(d).
4
Let b(j) = -4*j - 27. Let s be (-9)/1 + (28 - 27). Give b(s).
5
Let i(j) = -4*j**3 - j + 1. Let g(l) = 2 - 12*l**3 + 2*l**3 - 2*l + 6*l**3. Let k(d) = -2*g(d) + 3*i(d). What is k(1)?
-4
Let z(c) = c - 1. Let r(a) = -1. Let h(g) = 5*r(g) + z(g). Let b be 8/3*7*9/42. Calculate h(b).
-2
Let g(d) = -d - 1. Let b(j) = -4*j - 32. Let y be b(0). Let k = y + 35. Give g(k).
-4
Let p(n) = -n**3 - 4 + n + 2*n - 6*n**2 + 2*n**3 + 3*n. Suppose 0 = 5*w + 5*w - 40. What is p(w)?
-12
Let y(o) = -2*o - 4. Let z = 5 - 9. Calculate y(z).
4
Let a(k) be the third derivative of k**4/24 - k**3/6 - 6*k**2. Suppose 2*g - 6 = 4. Let v = -6 + g. Determine a(v).
-2
Let h(w) = w**2 - 3*w - 1. Let u = -1 + 9. Suppose s + 0*y - y + u = 0, 0 = s + 5*y - 22. Let q be s*2*(-1)/2. What is h(q)?
-1
Let s = -1 - -4. Suppose 0*t = -s*t. Let c(o) be the third derivative of -o**4/24 + o**3/6 + 8*o**2. What is c(t)?
1
Suppose 9*x = 12*x + 9. Let o(t) = -t - 2. What is o(x)?
1
Suppose 5*j - 126 = 2*i, -5*j + 4*i = -2*j - 84. Suppose 2*u + 10*u = -j. Let g(w) = -w**3 - 2*w**2 - 3*w - 3. Calculate g(u).
3
Let i(n) = n. Let p be i(3). Let w(j) be the second derivative of j**4/24 - j**3 + 7*j**2/2 + 3*j. Let q(b) be the first derivative of w(b). Give q(p).
-3
Let f be (-124)/20 + ((-3348)/90)/(-31). Let m(t) = t**2 - 9*t - 3. Let i(l) = 4*l**2 - 28*l - 10. Let x(n) = 2*i(n) - 7*m(n). Determine x(f).
-9
Let d(b) = b - 18. Let v(q) = -2*q**2 - 38*q + 40. Let f be v(-20). Give d(f).
-18
Let b(i) be the first derivative of 1/2*i**2 + 1/3*i**3 - 14 + 3*i. Give b(0).
3
Suppose 4*w + 19 = -53. Let s be 27/w*2*-1. Let c(h) = s*h + 2*h**2 + 8 - 5 - h**2. What is c(-4)?
7
Let j be (-3)/((27/8)/9). Let i(c) = -11*c - 4*c**2 - 16 + c**2 + 2*c**2 + 8. Determine i(j).
16
Suppose 1667*s - 1612*s - 55 = 0. Let k(p) be the second derivative of -2*p**4/3 - p. Determine k(s).
-8
Let b(w) = 10 - 95*w + 75*w + 2*w**2 + 18. What is b(8)?
-4
Let y = -51 - -62. Let r(q) = -7 + y - 1 - 6 - 3*q - 3*q**2. Give r(-2).
-9
Suppose 0 = -5*b + 14 + 26. Let m(n) = 3 + 5 - 1 - 3*n + 4. Calculate m(b).
-13
Let i(l) be the first derivative of 1/3*l**3 + l**2 + 4*l + 29. Determine i(-3).
7
Let g(k) = 2*k - 14. Suppose -3*u + 9 = 4*w - 7, 4*w = -2*u + 20. Let h be g(w). Let t(b) = -b - 1. Determine t(h).
-1
Let p(b) be the third derivative of b**6/120 + b**5/60 - b**4/8 + b**3/6 + 131*b**2. Let i be 6/9*(2 + 1). What is p(i)?
7
Let b(f) = -f**2 - 3*f. Let p(x) = 4*x + 18 + 24 - 42. Let i(t) = -3*b(t) - 2*p(t). Give i(1).
4
Let k(v) = 15*v**3 + 6*v**2 - 19*v - 16. Let l(s) = -7*s**3 - 3*s**2 + 9*s + 7. Let t(b) = -6*k(b) - 13*l(b). What is t(-4)?
1
Let r(k) = -3*k - 3. Let a be (-104)/(-39)*(-18)/(-8). Suppose a*o + 29 = 149. Suppose -b + l = 3*b + 17, 5*b - l + o = 0. Determine r(b).
6
Suppose 3*z - 29 = -n, -15 - 25 = -4*z - 2*n. Let r(f) = -f**3 + 9*f**2 - f + 10. What is r(z)?
1
Suppose 0 = 2*d + 4 + 4, -4*v + 4*d - 4 = 0. Let j(l) = -5*l - 2. Determine j(v).
23
Let a = 79 - 49. Suppose -3*o = -2*q - q + a, 3*o + 5*q - 2 = 0. Let u(p) be the first derivative of p**2/2 - p - 3. What is u(o)?
-7
Let q(p) = 10*p - 9. Let h be q(4). Let y(z) = -6*z**3 - z**3 - 2*z + 1 - h*z**2 + 33*z**2. Let b(t) = -t**2 - 3*t - 1. Let r be b(-1). Determine y(r).
-6
Let q(h) = h**3 + 2*h**2 - 2. Let a(n) = 6*n**3 - n**2 - 14*n - 9. Let x(t) = -a(t) + 5*q(t). Calculate x(12).
23
Let x = -94 - -90. Let p be -8*x/8*-1. Let r(f) = f + 4. Give r(p).
0
Let i(w) = -4*w**2 + 29. Let d(b) = -11*b**2 + 91. Let t(s) = 3*d(s) - 8*i(s). Calculate t(0).
41
Let a(o) = -7*o**2 + 5*o + 16. Let t(y) = y**2 - 2*y - 4. Let x(c) = -a(c) - 6*t(c). Calculate x(-4).
-4
Let c(d) = -17*d**3 - 16*d**2 - 29. Let q(j) = 3*j**3 + 3*j**2 + 6. Let p(f) = 2*c(f) + 11*q(f). Determine p(0).
8
Let f = -37 + 44. Let v(g) = -5*g + 30. Give v(f).
-5
Let o(c) = -5*c - c + 2*c**2 + 6 + 3*c + 2*c**2. Let i(v) = -v**2 + v - 1. Suppose 0*f = -5*f - 5. Let s(l) = f*o(l) - 5*i(l). What is s(3)?
2
Let k(z) = -z**3 + 15*z**2 + 13*z + 17. Let l(m) = -m**3 + 15*m**2 + 17*m + 16. Let x(u)